{"id":16,"date":"2011-04-27T10:40:50","date_gmt":"2011-04-27T08:40:50","guid":{"rendered":"http:\/\/josemariacastillejo.com\/?page_id=16"},"modified":"2016-12-10T03:59:35","modified_gmt":"2016-12-10T01:59:35","slug":"sobre-jose-maria-castillejo","status":"publish","type":"page","link":"https:\/\/josemariacastillejo.com\/en\/sobre-jose-maria-castillejo\/","title":{"rendered":"About Jos\u00e9 Mar\u00eda Castillejo"},"content":{"rendered":"<p>&nbsp;<\/p>\n<p style=\"text-align: justify;\">My name is Jos\u00e9 Mar\u00eda Castillejo, I was born in Madrid in 1962. I am Catholic, I believe deeply in God and in our future eternal life. I have six wonderful children, six brothers and sisters on this Earth and two in Heaven, waiting for us with our parents. I have been an orphan since I was 11 years old. All these circumstances in my life are supports that, without a doubt, help me, have helped me and I am sure will continue to help me to be optimistic, strong in life and trust in the future, even though sometimes it is difficult.&nbsp;<img fetchpriority=\"high\" decoding=\"async\" class=\"wp-image-665 size-medium alignright\" src=\"http:\/\/josemariacastillejo.com\/wp-content\/uploads\/2011\/08\/Foto-jose-Maria-recortada-300x282.jpg\" alt=\"Jos\u00e9 Mar\u00eda Castillejo\" width=\"300\" height=\"282\" srcset=\"https:\/\/josemariacastillejo.com\/wp-content\/uploads\/2011\/08\/Foto-jose-Maria-recortada-300x282.jpg 300w, https:\/\/josemariacastillejo.com\/wp-content\/uploads\/2011\/08\/Foto-jose-Maria-recortada.jpg 435w\" sizes=\"(max-width: 300px) 100vw, 300px\" \/><!--more--><\/p>\n<p style=\"text-align: justify;\">I like the countryside, I like the sea and enjoying nature. My childhood took place between the fields of Toledo and Andalusia and it is in the countryside where the best memories of my childhood come from. I discovered the sea on the Cantabrian coast, fishing on the <a title=\"Ria de Bilbao\" href=\"http:\/\/es.wikipedia.org\/wiki\/R%C3%ADa_de_Bilbao\" target=\"_blank\">Abra Bay<\/a>. I have enjoyed it mostly in the Balearic Islands, especially sailing around the coast of Mallorca, of which I am completely in love.<\/p>\n<p style=\"text-align: justify;\">I learned to appreciate Nature as a whole in a special way while traveling through the State of Maine. There, I spent some of the happiest summers of my life, climbing the <a title=\"Rocky Mountains\" href=\"http:\/\/es.wikipedia.org\/wiki\/Monta%C3%B1as_Rocosas\" target=\"_blank\">Rocky Mountains<\/a>I have ever known and sleeping for weeks under the canopy of the stars.<\/p>\n<p style=\"text-align: justify;\">I'll never forget how we were camped at the water's edge on the <a title=\"Allagash \" href=\"http:\/\/en.wikipedia.org\/wiki\/Allagash_River\" target=\"_blank\">Allagash Lake<\/a>Lake, to which we had arrived after pushing the canoes upstream along the river of the same name for more than three days, one really special night, we saw crossing the sky, from side to side, shot through the stars, the famous <a title=\"Halley&#039;s Comet\" href=\"http:\/\/es.wikipedia.org\/wiki\/Cometa_Halley\" target=\"_blank\">Halley's Comet<\/a>. It is an experience that is forever etched in my memory.<\/p>\n<p style=\"text-align: justify;\">I also have, as I will be able to explain in another section of this <a href=\"http:\/\/josemariacastillejo.com\/\">Blog<\/a>I have several titles: some apparently deserved and others simply received. Of all of them, the one I feel most identified with is that of entrepreneur. Since I finished my studies in Philosophy in Rome, at the <a href=\"http:\/\/www.unigre.it\/home_page_en.php\">Pontifical Gregorian University<\/a>and then my MBA at the <a href=\"http:\/\/www.ie.edu\/IE\/site\/php\/es\/\">Instituto de Empresa de Madrid<\/a>I have not stopped undertaking projects. Some have ended with success and others with failure. I can assure you that I have learned from all of them.<\/p>\n<p style=\"text-align: justify;\">An important part of my current work is carried out outside Spain, in different parts of the world. In all these trips, for years and for a long time I have been accompanied by a character of whom I also feel very proud. A character that is becoming, almost unintentionally, an ambassador of Spanish talent around the world: <a title=\"Pocoyo\" href=\"http:\/\/www.pocoyo.com\/\" target=\"_blank\">Pocoyo<\/a>. But there are many other things to tell.<\/p>\n<p style=\"text-align: justify;\">I am excited that this <a title=\"Jose Maria Castillejo\" href=\"http:\/\/josemariacastillejo.com\/\">blog<\/a> can serve as a vehicle for direct communication with other people of different professions, different ages, different interests and different countries.<\/p>","protected":false},"excerpt":{"rendered":"<p>&nbsp; Me llamo Jos\u00e9 Mar\u00eda Castillejo, nac\u00ed en Madrid en el a\u00f1o 1962. Soy cat\u00f3lico, creo profundamente en Dios y en nuestra futura vida eterna. Tengo seis hijos maravillosos, seis hermanos en esta Tierra y dos en el Cielo, esper\u00e1ndonos junto a nuestros padres. Soy hu\u00e9rfano desde los 11 a\u00f1os. Todas estas circunstancias en mi [&hellip;]<\/p>","protected":false},"author":1,"featured_media":0,"parent":0,"menu_order":0,"comment_status":"open","ping_status":"open","template":"","meta":{"footnotes":""},"class_list":["post-16","page","type-page","status-publish","hentry"],"_links":{"self":[{"href":"https:\/\/josemariacastillejo.com\/en\/wp-json\/wp\/v2\/pages\/16","targetHints":{"allow":["GET"]}}],"collection":[{"href":"https:\/\/josemariacastillejo.com\/en\/wp-json\/wp\/v2\/pages"}],"about":[{"href":"https:\/\/josemariacastillejo.com\/en\/wp-json\/wp\/v2\/types\/page"}],"author":[{"embeddable":true,"href":"https:\/\/josemariacastillejo.com\/en\/wp-json\/wp\/v2\/users\/1"}],"replies":[{"embeddable":true,"href":"https:\/\/josemariacastillejo.com\/en\/wp-json\/wp\/v2\/comments?post=16"}],"version-history":[{"count":21,"href":"https:\/\/josemariacastillejo.com\/en\/wp-json\/wp\/v2\/pages\/16\/revisions"}],"predecessor-version":[{"id":2414,"href":"https:\/\/josemariacastillejo.com\/en\/wp-json\/wp\/v2\/pages\/16\/revisions\/2414"}],"wp:attachment":[{"href":"https:\/\/josemariacastillejo.com\/en\/wp-json\/wp\/v2\/media?parent=16"}],"curies":[{"name":"wp","href":"https:\/\/api.w.org\/{rel}","templated":true}]}}

About José María Castillejo

<p>&nbsp;</p>
<p style="text-align: justify;">My name is José María Castillejo, I was born in Madrid in 1962. I am Catholic, I believe deeply in God and in our future eternal life. I have six wonderful children, six brothers and sisters on this Earth and two in Heaven, waiting for us with our parents. I have been an orphan since I was 11 years old. All these circumstances in my life are supports that, without a doubt, help me, have helped me and I am sure will continue to help me to be optimistic, strong in life and trust in the future, even though sometimes it is difficult.&nbsp;<img fetchpriority="high" decoding="async" class="wp-image-665 size-medium alignright" src="http://josemariacastillejo.com/wp-content/uploads/2011/08/Foto-jose-Maria-recortada-300x282.jpg" alt="José María Castillejo" width="300" height="282" srcset="https://josemariacastillejo.com/wp-content/uploads/2011/08/Foto-jose-Maria-recortada-300x282.jpg 300w, https://josemariacastillejo.com/wp-content/uploads/2011/08/Foto-jose-Maria-recortada.jpg 435w" sizes="(max-width: 300px) 100vw, 300px" /><!--more--></p>
<p style="text-align: justify;">I like the countryside, I like the sea and enjoying nature. My childhood took place between the fields of Toledo and Andalusia and it is in the countryside where the best memories of my childhood come from. I discovered the sea on the Cantabrian coast, fishing on the <a title="Ria de Bilbao" href="http://es.wikipedia.org/wiki/R%C3%ADa_de_Bilbao" target="_blank">Abra Bay</a>. I have enjoyed it mostly in the Balearic Islands, especially sailing around the coast of Mallorca, of which I am completely in love.</p>
<p style="text-align: justify;">I learned to appreciate Nature as a whole in a special way while traveling through the State of Maine. There, I spent some of the happiest summers of my life, climbing the <a title="Rocky Mountains" href="http://es.wikipedia.org/wiki/Monta%C3%B1as_Rocosas" target="_blank">Rocky Mountains</a>I have ever known and sleeping for weeks under the canopy of the stars.</p>
<p style="text-align: justify;">I'll never forget how we were camped at the water's edge on the <a title="Allagash " href="http://en.wikipedia.org/wiki/Allagash_River" target="_blank">Allagash Lake</a>Lake, to which we had arrived after pushing the canoes upstream along the river of the same name for more than three days, one really special night, we saw crossing the sky, from side to side, shot through the stars, the famous <a title="Halley&#039;s Comet" href="http://es.wikipedia.org/wiki/Cometa_Halley" target="_blank">Halley's Comet</a>. It is an experience that is forever etched in my memory.</p>
<p style="text-align: justify;">I also have, as I will be able to explain in another section of this <a href="http://josemariacastillejo.com/">Blog</a>I have several titles: some apparently deserved and others simply received. Of all of them, the one I feel most identified with is that of entrepreneur. Since I finished my studies in Philosophy in Rome, at the <a href="http://www.unigre.it/home_page_en.php">Pontifical Gregorian University</a>and then my MBA at the <a href="http://www.ie.edu/IE/site/php/es/">Instituto de Empresa de Madrid</a>I have not stopped undertaking projects. Some have ended with success and others with failure. I can assure you that I have learned from all of them.</p>
<p style="text-align: justify;">An important part of my current work is carried out outside Spain, in different parts of the world. In all these trips, for years and for a long time I have been accompanied by a character of whom I also feel very proud. A character that is becoming, almost unintentionally, an ambassador of Spanish talent around the world: <a title="Pocoyo" href="http://www.pocoyo.com/" target="_blank">Pocoyo</a>. But there are many other things to tell.</p>
<p style="text-align: justify;">I am excited that this <a title="Jose Maria Castillejo" href="http://josemariacastillejo.com/">blog</a> can serve as a vehicle for direct communication with other people of different professions, different ages, different interests and different countries.</p>

<p>&nbsp; Me llamo José María Castillejo, nací en Madrid en el año 1962. Soy católico, creo profundamente en Dios y en nuestra futura vida eterna. Tengo seis hijos maravillosos, seis hermanos en esta Tierra y dos en el Cielo, esperándonos junto a nuestros padres. Soy huérfano desde los 11 años. Todas estas circunstancias en mi [&hellip;]</p>
